{"id":1702,"date":"2024-08-12T12:06:28","date_gmt":"2024-08-12T10:06:28","guid":{"rendered":"https:\/\/www.reverlesfuturs.com\/blog\/?p=1702"},"modified":"2026-02-12T11:34:13","modified_gmt":"2026-02-12T11:34:13","slug":"la-marque-pyrenees-velo","status":"publish","type":"norebro_portfolio","link":"https:\/\/reverlesfuturs.com\/portfolio\/project\/la-marque-pyrenees-velo\/","title":{"rendered":"La marque Pyr\u00e9n\u00e9es V\u00e9lo"},"content":{"rendered":"","protected":false},"featured_media":0,"comment_status":"closed","ping_status":"closed","template":"","class_list":["post-1702","norebro_portfolio","type-norebro_portfolio","status-publish","hentry","norebro_portfolio_category-formation","norebro_portfolio_category-identite-de-marque","norebro_portfolio_category-strategie-communication"],"acf":[],"_links":{"self":[{"href":"https:\/\/reverlesfuturs.com\/portfolio\/wp-json\/wp\/v2\/norebro_portfolio\/1702","targetHints":{"allow":["GET"]}}],"collection":[{"href":"https:\/\/reverlesfuturs.com\/portfolio\/wp-json\/wp\/v2\/norebro_portfolio"}],"about":[{"href":"https:\/\/reverlesfuturs.com\/portfolio\/wp-json\/wp\/v2\/types\/norebro_portfolio"}],"replies":[{"embeddable":true,"href":"https:\/\/reverlesfuturs.com\/portfolio\/wp-json\/wp\/v2\/comments?post=1702"}],"wp:attachment":[{"href":"https:\/\/reverlesfuturs.com\/portfolio\/wp-json\/wp\/v2\/media?parent=1702"}],"curies":[{"name":"wp","href":"https:\/\/api.w.org\/{rel}","templated":true}]}}

La marque Pyrénées Vélo
